
116
Suppose -192*x - 9928 = -265*x. What is the greatest common divisor of 1496 and x?
136
Let b be 279702/33 + (-306)/(-1683). Calculate the highest common factor of 52 and b.
52
Suppose 7*p + 691 = 33. Let s = p + 95. Let g be s + 20/(-4) - (2 + -50). What is the highest common factor of g and 484?
44
Let c be (32/304*19)/(2/(-64)). Let h(t) = t**2 + 4*t + 2. Let b be h(-3). Let p be -3 - -5 - (b - -2)*c. Calculate the highest common divisor of 6 and p.
6
Let u(n) = -n**2 - 19*n - 22. Let s be u(-17). Let k be (-85)/(-17)*5/(50/s). Let q be 7/((-21)/(-144)) + -6. What is the highest common divisor of k and q?
6
Let n(a) be the second derivative of -a**5/10 - a**4/2 + 2*a**3/3 + 4*a**2 + 98*a. Let h be n(-5). What is the greatest common factor of h and 66?
22
Suppose 24 = t + 22. Suppose 34 = s - t*a, -5*a - 41 - 28 = -2*s. Calculate the highest common divisor of s and 16.
16
Let r = 20 - 4. Let n(w) = 19*w - 70. Let d be n(4). Let k be 3 - d/((-72)/(-30))*-2. Calculate the highest common divisor of r and k.
8
Suppose 0 = 2*p - 9 + 1, 0 = 2*f - 4*p + 12. Let k = 83 + f. What is the highest common divisor of k and 51?
17
Suppose -90 = -5*s - 4*p, -5*s + 109 = 2*p + 9. What is the greatest common divisor of 1034 and s?
22
Let z = 9 + 0. Let g be -24 - -21 - (-1 + -11). Let t be 3/(3 + 0)*g. Calculate the highest common factor of t and z.
9
Let b = -580 + 2038. What is the greatest common factor of b and 18?
18
Let y(w) = 1 + 2 + w + 6 - 1. Let i be y(-4). Suppose 22 = 2*u + 2*m, u - 4*u = -i*m - 26. What is the greatest common factor of 40 and u?
10
Let d(i) be the first derivative of -2*i**3/3 + i**2 + 14*i - 2. Let w be d(0). Let z be (4/(-5))/(w/(-280)). Calculate the greatest common factor of 112 and z.
16
Let g be (36/162)/((-14)/(-29673)). Calculate the highest common divisor of g and 1570.
157
Suppose 3*s - 27 = -3*k, 18*k + 27*s - 24*s = 237. What is the highest common factor of 16828 and k?
14
Let h = 69 + -32. Suppose -n - 4*z = -0*z - h, 122 = 3*n + z. Suppose 4*g - n + 17 = 0. Calculate the highest common divisor of g and 12.
6
Suppose -k + 21 = -2*r + 34, r + k = 11. What is the greatest common factor of 47512 and r?
8
Let w = 1420 + -947. What is the greatest common divisor of w and 253?
11
Suppose 92 = 3*r - 238. Let j = r + -34. What is the highest common factor of 57 and j?
19
Let h be (0/2*(56 + -55))/1 - -816. What is the greatest common factor of h and 102?
102
Let o be 82000/492*(-36)/(-10). What is the highest common factor of 168 and o?
24
Let u = 2549 - 755. Suppose 17*w = 110 + u. What is the greatest common divisor of w and 14?
14
Let w be (0 + 1 - 51)*-17. Suppose 5*q - w + 290 = 0. Let p be 576/108 + -3*(-2 - (-39)/27). Calculate the greatest common factor of q and p.
7
Suppose -158*o - 5*z = -157*o - 55, 2*z + 66 = 4*o. Calculate the greatest common divisor of o and 12940.
20
Let l = 1118 + -1806. Let d = -660 - l. What is the highest common divisor of d and 350?
14
Suppose -3602*c + 3597*c = -4*l + 402, -20 = 2*c. Let k(m) = -7*m + 3. Let t be k(-3). Calculate the highest common divisor of t and l.
8
Suppose 4*m - 5*o = 619, 2*m - 5*o + 215 - 522 = 0. Calculate the greatest common divisor of 546 and m.
78
Let j(y) = -5*y + 3. Let k be j(-4). Let l be k/7 - (-32)/(-112). Suppose 56 = l*t + w - 0*w, -28 = -t - 5*w. Calculate the greatest common divisor of 36 and t.
18
Suppose 36*f - 62 = -2*d + 32*f, 0 = d - 2*f - 51. Calculate the greatest common factor of d and 4387.
41
Suppose 0*r = 2*r + 4. Let h be (3/r)/(9/(-72)). Let m be (-9 - -8)*(-41 - -32). What is the greatest common factor of m and h?
3
Suppose 0 = -2*u + 3*c + 61, c + 63 = 2*u - 4*c. Suppose -4*y - 79 - u = 0. Let b be 195*(-10)/y - 2/9. Calculate the greatest common divisor of b and 8.
8
Let a(z) be the first derivative of -z**4/2 + 40*z**3/3 - 23*z**2/2 - 21*z + 186. Let j be a(19). Calculate the greatest common divisor of j and 72.
24
Suppose -a = -49 + 24. Suppose -3*o + 2*o - 5*n + a = 0, -4*n = -2*o - 20. Suppose o*y + 45 = y. What is the greatest common divisor of 5 and y?
5
Let x be (18/24)/((-11)/(-13332)). What is the highest common divisor of x and 63?
9
Let a(g) = 0*g**3 - 74 + 18*g**2 - 54*g + 5*g**3 + 81 - 6*g**3. Let n be a(4). Calculate the greatest common divisor of n and 30.
15
Let b be 1505/115 + -13 - 33530/(-46). What is the greatest common factor of b and 162?
81
Let d = -5375 + 5388. What is the highest common divisor of d and 416?
13
Let o = 266 + -242. Let t be (-18)/54 + 502/3 + 1. Calculate the greatest common factor of o and t.
24
Let g = 144 + -84. Let w(r) = 2*r + 6. Let v be w(3). Suppose -2*m + v = -0. Calculate the greatest common factor of g and m.
6
Let l(z) = 18*z**2 - 896*z - 317. Let g be l(52). Suppose 0*s + 3*s - 3*i = 135, -213 = -5*s + 2*i. What is the greatest common factor of s and g?
41
Suppose 5*d - 1275*u - 167 = -1273*u, 5*d - 166 = u. Suppose -4*k - 5*f + 73 = 0, 4*k - k - 78 = 4*f. Calculate the greatest common divisor of d and k.
11
Suppose -1784*t + 1779*t - 925 = -h, 931 = h + t. Calculate the highest common divisor of h and 1488.
186
Suppose 5*y - 3670 = 4*k, 3*y + 6*k - 4*k = 2180. Let t = 765 - y. What is the highest common divisor of 28 and t?
7
Suppose -z - j = -1431, -5709 = -4*z - 0*z + j. Calculate the highest common divisor of z and 748.
68
Suppose 4*w + 2*m = 206, 5*w + 15*m - 18*m - 263 = 0. Calculate the highest common factor of 13676 and w.
52
Let b = -2249 + 2559. Calculate the highest common divisor of b and 2015.
155
Let s(k) = -62*k**3 + k**2 + 4*k + 1. Let p be s(-1). Suppose -9 + 25 = 8*u. Let g be 6/u - -6*2. Calculate the highest common divisor of p and g.
15
Let g be (19485/(-20))/((-99)/5016). What is the greatest common factor of g and 114?
114
Let k(x) = 87*x - 5152. Let g be k(60). Calculate the greatest common factor of g and 13226.
34
Let d = -84 - -102. Suppose d*s = -337 - 635. Let g be -2 + (4 + s)/(-1). What is the greatest common divisor of 240 and g?
48
Suppose -94*z + 180 = -84*z. Let x = 3 + -1. Suppose 0 = 4*j + 4*s + s - 139, -5*j = x*s - 178. What is the highest common divisor of z and j?
18
Suppose 77*d + 80 = 5*s + 82*d, 48 = 3*s + 5*d. What is the highest common divisor of 108 and s?
4
Suppose 3*s + 0*y - 7489 = -2*y, 0 = 4*y + 16. What is the highest common divisor of 102 and s?
51
Let b be (-146 + 17)*812/(-21). What is the highest common factor of 58 and b?
58
Let f(l) = 25*l - 110. Let r be f(5). Let g be 5*6/r - -58. What is the greatest common factor of g and 220?
20
Let v = -57 + 39. Let q = 3 - v. Let x = q + 0. What is the greatest common divisor of x and 35?
7
Let t = -118 + 118. Suppose -f - 5*s - 5 = -29, s - 4 = t. Suppose 8 = 2*b - 2, 88 = 3*m - f*b. What is the highest common factor of 6 and m?
6
Let p be (-77732)/(-8) - ((-1)/7)/(40/140). Calculate the greatest common divisor of 123 and p.
123
Suppose -4*u - 4 = 0, 71*u + 3639 = 5*y + 72*u. Calculate the greatest common divisor of y and 112.
56
Let h be (1171 + 14)/15 + 5*1. Calculate the highest common factor of h and 945.
21
Suppose 2*w - 75408 = -19*w + 56682. Calculate the greatest common divisor of 170 and w.
170
Suppose -2*v + 377 = 4*d - 3*d, 0 = 5*d + 5. Let t = -175 + v. Let c = 81 - 53. What is the greatest common divisor of t and c?
14
Let d = 169 + -166. Let n be (d + 28/(-12))*6. Calculate the greatest common factor of 18 and n.
2
Suppose -2*n + 4*t = -7546, 5*n = 13*t - 10*t + 18893. Calculate the highest common divisor of n and 19.
19
Let z = 162 - 152. Suppose -2*t = 5*c - 23, t = 2*c - 4*c + z. What is the greatest common factor of c and 111?
3
Let b be 7*(-1 + 3)/(35/5). Suppose b*l - 78 = 38. What is the highest common factor of l and 435?
29
Let j = 5559 + -3494. What is the highest common factor of 140 and j?
35
Suppose 2*q - 1216 = -6*q - 8*q. Calculate the greatest common divisor of q and 43776.
76
Suppose -20 = -5*f, c + 6 = 3*c - 4*f. Suppose -c*h + 16*h = 3100. Calculate the greatest common divisor of 20 and h.
20
Let k(l) = 989*l**3 - l**2 - 20*l + 22. Let u be k(1). Let w = u + -847. Calculate the highest common factor of w and 110.
11
Let t = -8004 - -8120. What is the highest common factor of t and 12?
4
Suppose 0 = 2*g - 3*k - 5, 4*g + 51 - 88 = -3*k. What i